{"id":2743,"date":"2023-04-23T23:33:16","date_gmt":"2023-04-23T20:33:16","guid":{"rendered":"https:\/\/www.uytes.com.tr\/?page_id=2743"},"modified":"2023-05-16T15:50:21","modified_gmt":"2023-05-16T12:50:21","slug":"stata-xx","status":"publish","type":"page","link":"https:\/\/www.uytes.com.tr\/index.php\/stata-xx\/","title":{"rendered":"Stata 18"},"content":{"rendered":"\n<h1 class=\"wp-block-heading alignwide has-text-align-center\">Verileriniz bir \u00f6yk\u00fcy\u00fc anlat\u0131yor<\/h1>\n\n\n\n<div style=\"height:15px\" aria-hidden=\"true\" class=\"wp-block-spacer\"><\/div>\n\n\n\n<h1 class=\"wp-block-heading has-text-align-center has-medium-font-size\"><strong>Ke\u015ffedin.&nbsp; G\u00f6rselle\u015ftirin. Modelleyin. Fark yarat\u0131n.<\/strong><\/h1>\n\n\n\n<div style=\"height:15px\" aria-hidden=\"true\" class=\"wp-block-spacer\"><\/div>\n\n\n\n<h1 class=\"wp-block-heading has-text-align-center has-medium-font-size\"><strong>Daha iyi anlama Stata ile ba\u015flar<\/strong><\/h1>\n\n\n\n<div style=\"height:10px\" aria-hidden=\"true\" class=\"wp-block-spacer\"><\/div>\n\n\n\n<div style=\"height:15px\" aria-hidden=\"true\" class=\"wp-block-spacer\"><\/div>\n\n\n\n<div class=\"wp-block-buttons is-content-justification-center is-layout-flex wp-container-core-buttons-is-layout-16018d1d wp-block-buttons-is-layout-flex\">\n<div class=\"wp-block-button has-custom-font-size is-style-outline has-small-font-size is-style-outline--1\"><a class=\"wp-block-button__link has-black-color has-text-color has-background has-text-align-center wp-element-button\" href=\"https:\/\/www.uytes.com.tr\/index.php\/neden-stata-18\/\" style=\"border-radius:97px;background-color:#d7e6f4\"><strong>Nas\u0131l oldu\u011funu ke\u015ffedin<\/strong><\/a><\/div>\n<\/div>\n\n\n\n<h2 class=\"wp-block-heading\">&nbsp; &nbsp; &nbsp; &nbsp; &nbsp; &nbsp; &nbsp; &nbsp; &nbsp; &nbsp; &nbsp; &nbsp; &nbsp; &nbsp; &nbsp; &nbsp; &nbsp; &nbsp; &nbsp; &nbsp; &nbsp; &nbsp; &nbsp;<\/h2>\n\n\n\n<h2 class=\"wp-block-heading\"> &nbsp; &nbsp; &nbsp; &nbsp;&nbsp;<\/h2>\n\n\n\n<div class=\"wp-block-group is-content-justification-center is-nowrap is-layout-flex wp-container-core-group-is-layout-94bc23d7 wp-block-group-is-layout-flex\">\n<figure class=\"wp-block-image size-large is-resized\"><img loading=\"lazy\" decoding=\"async\" src=\"http:\/\/www.uytes.com.tr\/wp-content\/uploads\/2023\/04\/logo18-navy-1024x374.png\" alt=\"\" class=\"wp-image-2807\" width=\"269\" height=\"98\" srcset=\"https:\/\/www.uytes.com.tr\/wp-content\/uploads\/2023\/04\/logo18-navy-1024x374.png 1024w, https:\/\/www.uytes.com.tr\/wp-content\/uploads\/2023\/04\/logo18-navy-300x109.png 300w, https:\/\/www.uytes.com.tr\/wp-content\/uploads\/2023\/04\/logo18-navy-768x280.png 768w, https:\/\/www.uytes.com.tr\/wp-content\/uploads\/2023\/04\/logo18-navy-1536x561.png 1536w, https:\/\/www.uytes.com.tr\/wp-content\/uploads\/2023\/04\/logo18-navy-2048x747.png 2048w\" sizes=\"auto, (max-width: 269px) 100vw, 269px\" \/><\/figure>\n\n\n\n<h2 class=\"wp-block-heading\"><a href=\"https:\/\/www.uytes.com.tr\/index.php\/stata-18-yenilikleri\/\"><strong>Yeniliklerini G\u00f6r\u00fcn<\/strong><\/a><\/h2>\n<\/div>\n\n\n\n<div style=\"height:20px\" aria-hidden=\"true\" class=\"wp-block-spacer\"><\/div>\n\n\n\n<h2 class=\"wp-block-heading\"><\/h2>\n\n\n\n<div style=\"height:16px\" aria-hidden=\"true\" class=\"wp-block-spacer\"><\/div>\n\n\n\n<div class=\"wp-block-columns has-black-color has-text-color is-layout-flex wp-container-core-columns-is-layout-9d6595d7 wp-block-columns-is-layout-flex\" style=\"font-style:normal;font-weight:500\">\n<div class=\"wp-block-column is-layout-flow wp-block-column-is-layout-flow\" style=\"font-style:normal;font-weight:500\">\n<ul class=\"wp-block-list\">\n<li style=\"font-size:15px;font-style:normal;font-weight:500\">Bayes modeli ortalamas\u0131<\/li>\n\n\n\n<li style=\"font-size:15px;font-style:normal;font-weight:500\">nedensel arac\u0131l\u0131k analizi<\/li>\n\n\n\n<li style=\"font-size:15px;font-style:normal;font-weight:500\">Tan\u0131mlay\u0131c\u0131 istatistik tablolar\u0131<\/li>\n\n\n\n<li style=\"font-size:15px;font-style:normal;font-weight:500\">Farkl\u0131l\u0131klarda heterojen farkl\u0131l\u0131k (DID)<\/li>\n\n\n\n<li style=\"font-size:15px;font-style:normal;font-weight:500\">Grup s\u0131ral\u0131 tasar\u0131mlar<\/li>\n\n\n\n<li style=\"font-size:15px;font-style:normal;font-weight:500\">\u00c7ok d\u00fczeyli meta-analiz<\/li>\n\n\n\n<li style=\"font-size:15px;font-style:normal;font-weight:500\">Yayg\u0131nl\u0131k i\u00e7in meta-analiz<\/li>\n\n\n\n<li style=\"font-size:15px;font-style:normal;font-weight:500\">Do\u011frusal modWild k\u00fcme \u00f6ny\u00fcklemesi i\u00e7in kararl\u0131 \u00e7\u0131kar\u0131m<\/li>\n\n\n\n<li style=\"font-size:15px;font-style:normal;font-weight:500\">Lasso for Cox modeli i\u00e7in lasso<\/li>\n\n\n\n<li style=\"font-size:15px;font-style:normal;font-weight:500\">RERI<\/li>\n<\/ul>\n<\/div>\n\n\n\n<div class=\"wp-block-column is-layout-flow wp-block-column-is-layout-flow\">\n<ul class=\"wp-block-list\">\n<li style=\"font-size:15px;font-style:normal;font-weight:500\">Instrumental-de\u011fi\u015fkenler (IV) kantil regresyonu<\/li>\n\n\n\n<li style=\"font-size:15px;font-style:normal;font-weight:500\">Instrumental-de\u011fi\u015fkenler (IV) fraksiyonel probit modeli<\/li>\n\n\n\n<li style=\"font-size:15px;font-style:normal;font-weight:500\">Yayg\u0131nl\u0131k i\u00e7in meta-analiz<\/li>\n\n\n\n<li style=\"font-size:15px;font-style:normal;font-weight:500\">Do\u011frusal modeller i\u00e7in kararl\u0131 \u00e7\u0131kar\u0131m<\/li>\n\n\n\n<li style=\"font-size:15px;font-style:normal;font-weight:500\">Vah\u015fi k\u00fcme \u00f6ny\u00fcklemesi<\/li>\n\n\n\n<li style=\"font-size:15px;font-style:normal;font-weight:500\">IRF ler i\u00e7in eyrel Local projeksiyonlar<\/li>\n\n\n\n<li style=\"font-size:15px;font-style:normal;font-weight:500\">\u00c7er\u00e7eveler aras\u0131nda takma ad de\u011fi\u015fkenleri<\/li>\n\n\n\n<li style=\"font-size:15px;font-style:normal;font-weight:500\">Veri Edit\u00f6r\u00fc iyile\u015ftirmeleri<\/li>\n\n\n\n<li style=\"font-size:15px;font-style:normal;font-weight:500\">Do-\ufb01le Edit\u00f6r\u00fc iyile\u015ftirmeleri<\/li>\n\n\n\n<li style=\"font-size:15px;font-style:normal;font-weight:500\">Yepyeni grafik stili<\/li>\n<\/ul>\n<\/div>\n<\/div>\n\n\n\n<h1 class=\"wp-block-heading has-text-align-center\">&nbsp;<strong>Stata veri bilimi i\u00e7in istatistiksel bir yaz\u0131l\u0131md\u0131r<\/strong><\/h1>\n\n\n\n<p><\/p>\n\n\n\n<div class=\"wp-block-columns is-layout-flex wp-container-core-columns-is-layout-9d6595d7 wp-block-columns-is-layout-flex\">\n<div class=\"wp-block-column is-layout-flow wp-block-column-is-layout-flow\">\n<ul class=\"wp-block-list\">\n<li><strong>Verilerinizde ustala\u015f\u0131n<\/strong><\/li>\n\n\n\n<li><strong>\u0130statistiksel \u00f6zelliklerin geni\u015f kapsaml\u0131 suiti<\/strong><\/li>\n\n\n\n<li><strong>Yay\u0131m kalitesinde grafikler<\/strong><\/li>\n\n\n\n<li><strong>Otomatikle\u015ftirilen raporlama<\/strong><\/li>\n\n\n\n<li><strong>Ger\u00e7ek yeniden \u00fcretilebilen ara\u015ft\u0131rma<\/strong><\/li>\n\n\n\n<li><strong>Ger\u00e7ek dok\u00fcmantasyon<\/strong><\/li>\n\n\n\n<li><strong>G\u00fcvenilir<\/strong><\/li>\n\n\n\n<li><strong>Kolay kullan\u0131l\u0131r<\/strong><\/li>\n\n\n\n<li><strong>Birlikte kolay b\u00fcy\u00fcyebilinir<\/strong><\/li>\n\n\n\n<li><strong>Kolay otomasyonu yap\u0131labilir<\/strong><\/li>\n<\/ul>\n<\/div>\n\n\n\n<div class=\"wp-block-column is-layout-flow wp-block-column-is-layout-flow\">\n<ul class=\"wp-block-list\">\n<li><strong>Kolay uzat\u0131labilir<\/strong><\/li>\n\n\n\n<li><strong>\u0130leri programlama<\/strong><\/li>\n\n\n\n<li><strong>Otomatik \u00e7ok \u00e7ekirdek deste\u011fi<\/strong><\/li>\n\n\n\n<li><strong>Topluluk kat\u0131l\u0131ml\u0131 \u00f6zellikler<\/strong><\/li>\n\n\n\n<li><strong>D\u00fcnya standartlar\u0131nda teknik destek<\/strong><\/li>\n\n\n\n<li><strong>T\u00fcm platformlarla uyumlu<\/strong><\/li>\n\n\n\n<li><strong>Yayg\u0131n kullan\u0131lan<\/strong><\/li>\n\n\n\n<li><strong>Kapsaml\u0131 kaynaklar<\/strong><\/li>\n\n\n\n<li><strong>Canl\u0131 topluluk<\/strong><\/li>\n\n\n\n<li><strong>Sat\u0131n al\u0131nabilir<\/strong><\/li>\n<\/ul>\n<\/div>\n<\/div>\n\n\n\n<p><\/p>\n\n\n\n<figure class=\"wp-block-image size-large\"><img loading=\"lazy\" decoding=\"async\" width=\"1024\" height=\"652\" src=\"http:\/\/www.uytes.com.tr\/wp-content\/uploads\/2023\/04\/general-collage-1-1024x652.png\" alt=\"\" class=\"wp-image-2873\" srcset=\"https:\/\/www.uytes.com.tr\/wp-content\/uploads\/2023\/04\/general-collage-1-1024x652.png 1024w, https:\/\/www.uytes.com.tr\/wp-content\/uploads\/2023\/04\/general-collage-1-300x191.png 300w, https:\/\/www.uytes.com.tr\/wp-content\/uploads\/2023\/04\/general-collage-1-768x489.png 768w, https:\/\/www.uytes.com.tr\/wp-content\/uploads\/2023\/04\/general-collage-1.png 1386w\" sizes=\"auto, (max-width: 1024px) 100vw, 1024px\" \/><\/figure>\n\n\n\n<h2 class=\"wp-block-heading\"><a href=\"https:\/\/www.uytes.com.tr\/index.php\/stata-17-yenilikleri\/\"><\/a><\/h2>\n\n\n\n<h2 class=\"wp-block-heading\"><\/h2>\n\n\n\n<div style=\"height:20px\" aria-hidden=\"true\" class=\"wp-block-spacer\"><\/div>\n\n\n\n<h3 class=\"wp-block-heading has-text-align-center\" style=\"font-size:30px;font-style:normal;font-weight:500;text-transform:capitalize\">Sizin ara\u015ft\u0131rman\u0131z.&nbsp;Bizim yaz\u0131l\u0131m\u0131m\u0131z.<\/h3>\n\n\n\n<div style=\"height:15px\" aria-hidden=\"true\" class=\"wp-block-spacer\"><\/div>\n\n\n\n<div style=\"height:15px\" aria-hidden=\"true\" class=\"wp-block-spacer\"><\/div>\n\n\n\n<h3 class=\"wp-block-heading has-text-align-center\" style=\"font-size:24px;font-style:normal;font-weight:400;text-transform:none\"><strong>M\u00fckemmel bir e\u015fle\u015fme.<\/strong><\/h3>\n\n\n\n<div style=\"height:20px\" aria-hidden=\"true\" class=\"wp-block-spacer\"><\/div>\n\n\n\n<div class=\"wp-block-group is-content-justification-center is-nowrap is-layout-flex wp-container-core-group-is-layout-94bc23d7 wp-block-group-is-layout-flex\">\n<div class=\"wp-block-columns are-vertically-aligned-center is-layout-flex wp-container-core-columns-is-layout-9d6595d7 wp-block-columns-is-layout-flex\">\n<div class=\"wp-block-column is-vertically-aligned-center is-layout-flow wp-block-column-is-layout-flow\"><div class=\"wp-block-image\">\n<figure class=\"alignright is-resized\"><img loading=\"lazy\" decoding=\"async\" src=\"https:\/\/www.stata.com\/disciplines\/i\/statistics-circle.png\" alt=\"\" width=\"100\" height=\"100\"\/><\/figure>\n<\/div>\n\n\n<p> <\/p>\n\n\n\n<p><\/p>\n<\/div>\n\n\n\n<div class=\"wp-block-column is-layout-flow wp-block-column-is-layout-flow\"><div class=\"wp-block-image\">\n<figure class=\"aligncenter\"><img decoding=\"async\" src=\"https:\/\/www.stata.com\/disciplines\/i\/graphics-circle.png\" alt=\"\"\/><\/figure>\n<\/div><\/div>\n\n\n\n<div class=\"wp-block-column is-layout-flow wp-block-column-is-layout-flow\"><div class=\"wp-block-image\">\n<figure class=\"alignleft size-full\"><img loading=\"lazy\" decoding=\"async\" width=\"100\" height=\"100\" src=\"https:\/\/www.uytes.com.tr\/wp-content\/uploads\/2023\/04\/image-1.png\" alt=\"\" class=\"wp-image-2880\"\/><\/figure>\n<\/div><\/div>\n<\/div>\n<\/div>\n\n\n\n<h2 class=\"wp-block-heading has-text-align-center\" style=\"font-size:24px;font-style:normal;font-weight:500\"><strong><a href=\"https:\/\/www.stata.com\/disciplines\/\">Stata&#8217;n\u0131n sizin i\u00e7in neler yapabilece\u011fini \u00f6\u011frenin \u00bb<\/a><\/strong><\/h2>\n\n\n\n<div style=\"height:21px\" aria-hidden=\"true\" class=\"wp-block-spacer\"><\/div>\n\n\n\n<h3 class=\"wp-block-heading has-text-align-left\" style=\"font-size:30px;font-style:normal;font-weight:500;text-transform:none\">Potansiyelinizin i\u00e7ine dokunun<\/h3>\n\n\n\n<p><strong>Netkurslar\u0131ndan s\u0131n\u0131f ve web tabanl\u0131 e\u011fitimlere kadar sizin ve program\u0131n\u0131z i\u00e7in en m\u00fckemmel kursu bulun<\/strong><\/p>\n\n\n\n<div class=\"wp-block-buttons is-content-justification-left is-layout-flex wp-container-core-buttons-is-layout-fdcfc74e wp-block-buttons-is-layout-flex\">\n<div class=\"wp-block-button has-custom-font-size is-style-outline has-small-font-size is-style-outline--2\"><a class=\"wp-block-button__link has-white-color has-text-color has-background has-text-align-center wp-element-button\" href=\"https:\/\/www.stata.com\/learn\/\" style=\"border-radius:97px;background-color:#11689b\"><strong>Daha fazlas\u0131n\u0131 \u00f6\u011frenin &gt;<\/strong><\/a><\/div>\n<\/div>\n","protected":false},"excerpt":{"rendered":"<p>Verileriniz bir \u00f6yk\u00fcy\u00fc anlat\u0131yor Ke\u015ffedin.&nbsp; G\u00f6rselle\u015ftirin. Modelleyin. Fark yarat\u0131n. Daha iyi anlama Stata ile ba\u015flar &nbsp; &nbsp; &nbsp; &nbsp; &nbsp; &nbsp; &nbsp; &nbsp; &nbsp; &nbsp; &nbsp; &nbsp; &nbsp; &nbsp; &nbsp; &nbsp; &nbsp; &nbsp; &nbsp; &nbsp; &nbsp; &nbsp; &nbsp; &nbsp; &nbsp; &nbsp; &nbsp;&nbsp; Yeniliklerini G\u00f6r\u00fcn &nbsp;Stata veri bilimi i\u00e7in istatistiksel bir yaz\u0131l\u0131md\u0131r Sizin ara\u015ft\u0131rman\u0131z.&nbsp;Bizim yaz\u0131l\u0131m\u0131m\u0131z. M\u00fckemmel [&hellip;]<\/p>\n","protected":false},"author":1,"featured_media":0,"parent":0,"menu_order":0,"comment_status":"closed","ping_status":"closed","template":"","meta":{"footnotes":""},"class_list":["post-2743","page","type-page","status-publish","hentry"],"_links":{"self":[{"href":"https:\/\/www.uytes.com.tr\/index.php\/wp-json\/wp\/v2\/pages\/2743","targetHints":{"allow":["GET"]}}],"collection":[{"href":"https:\/\/www.uytes.com.tr\/index.php\/wp-json\/wp\/v2\/pages"}],"about":[{"href":"https:\/\/www.uytes.com.tr\/index.php\/wp-json\/wp\/v2\/types\/page"}],"author":[{"embeddable":true,"href":"https:\/\/www.uytes.com.tr\/index.php\/wp-json\/wp\/v2\/users\/1"}],"replies":[{"embeddable":true,"href":"https:\/\/www.uytes.com.tr\/index.php\/wp-json\/wp\/v2\/comments?post=2743"}],"version-history":[{"count":63,"href":"https:\/\/www.uytes.com.tr\/index.php\/wp-json\/wp\/v2\/pages\/2743\/revisions"}],"predecessor-version":[{"id":3198,"href":"https:\/\/www.uytes.com.tr\/index.php\/wp-json\/wp\/v2\/pages\/2743\/revisions\/3198"}],"wp:attachment":[{"href":"https:\/\/www.uytes.com.tr\/index.php\/wp-json\/wp\/v2\/media?parent=2743"}],"curies":[{"name":"wp","href":"https:\/\/api.w.org\/{rel}","templated":true}]}}